{"id":2459,"date":"2022-07-08T16:37:10","date_gmt":"2022-07-08T14:37:10","guid":{"rendered":"https:\/\/albaauto.hu\/?page_id=2459"},"modified":"2022-07-08T16:41:47","modified_gmt":"2022-07-08T14:41:47","slug":"szolgaltatasok","status":"publish","type":"page","link":"https:\/\/albaauto.hu\/?page_id=2459","title":{"rendered":"Szolg\u00e1ltat\u00e1sok"},"content":{"rendered":"\t\t<div data-elementor-type=\"wp-page\" data-elementor-id=\"2459\" class=\"elementor elementor-2459\" data-elementor-post-type=\"page\">\n\t\t\t\t\t\t\t\t\t<section class=\"elementor-section elementor-top-section elementor-element elementor-element-3eeb390 elementor-section-boxed elementor-section-height-default elementor-section-height-default\" data-id=\"3eeb390\" data-element_type=\"section\" data-settings=\"{&quot;background_background&quot;:&quot;classic&quot;}\">\n\t\t\t\t\t\t<div class=\"elementor-container elementor-column-gap-default\">\n\t\t\t\t\t<div class=\"elementor-column elementor-col-50 elementor-top-column elementor-element elementor-element-69ce3a0\" data-id=\"69ce3a0\" data-element_type=\"column\" data-settings=\"{&quot;background_background&quot;:&quot;classic&quot;}\">\n\t\t\t<div class=\"elementor-widget-wrap elementor-element-populated\">\n\t\t\t\t\t\t\t\t<div class=\"elementor-element elementor-element-5e89721 elementor-widget elementor-widget-autrics-service\" data-id=\"5e89721\" data-element_type=\"widget\" data-widget_type=\"autrics-service.default\">\n\t\t\t\t<div class=\"elementor-widget-container\">\n\t\t\t  \r\n         \r\n\r\n        \r\n\r\n       \r\n    \r\n      <div class=\"ts-service-wrapper\">\r\n               <span class=\"service-img\">\r\n                  <img decoding=\"async\" class=\"img-fluid\" src=\"https:\/\/albaauto.hu\/wp-content\/uploads\/2022\/11\/BAF8063-1024x682.jpg\" alt=\"service-img\">\r\n               <\/span> <!-- Service Img end -->\r\n               <div class=\"service-content\">\r\n                                    <div class=\"service-icon\">\r\n                     <i class=\"icon icon-performance\"><\/i>\r\n                     <\/div> <!-- Service icon end -->\r\n                                 <h3 class=\"ts-service-title\">\r\n                        <a href=\"https:\/\/albaauto.hu\/?ts_service=karosszeria-javitas\">Karossz\u00e9ria jav\u00edt\u00e1s                        <\/a>\r\n                     <\/h3>\r\n                                          <p>\r\n                        \r\n                     <\/p>\r\n                      \r\n                                            <a href=\"https:\/\/albaauto.hu\/?ts_service=karosszeria-javitas\" class=\"readmore\"> Elolvasom <i class=\"fa fa-angle-double-right\"><\/i><\/a>\r\n                      \r\n                    \r\n               <\/div> <!-- Service content end -->\r\n      <\/div> <!-- Service wrapper end -->   \r\n\r\n      \r\n\r\n\r\n      \r\n   \t\t<\/div>\n\t\t\t\t<\/div>\n\t\t\t\t<div class=\"elementor-element elementor-element-57f86ec elementor-widget elementor-widget-autrics-service\" data-id=\"57f86ec\" data-element_type=\"widget\" data-widget_type=\"autrics-service.default\">\n\t\t\t\t<div class=\"elementor-widget-container\">\n\t\t\t  \r\n         \r\n\r\n        \r\n\r\n       \r\n    \r\n      <div class=\"ts-service-wrapper\">\r\n               <span class=\"service-img\">\r\n                  <img decoding=\"async\" class=\"img-fluid\" src=\"https:\/\/albaauto.hu\/wp-content\/uploads\/2021\/12\/karosszeria-alkatreszek-e1642241616398.jpg\" alt=\"service-img\">\r\n               <\/span> <!-- Service Img end -->\r\n               <div class=\"service-content\">\r\n                                    <div class=\"service-icon\">\r\n                     <i class=\"icon icon-tags\"><\/i>\r\n                     <\/div> <!-- Service icon end -->\r\n                                 <h3 class=\"ts-service-title\">\r\n                        <a href=\"https:\/\/albaauto.hu\/?ts_service=karosszeria-alkatreszek\">Karossz\u00e9ria alkatr\u00e9szek                        <\/a>\r\n                     <\/h3>\r\n                                          <p>\r\n                        \r\n                     <\/p>\r\n                      \r\n                                            <a href=\"https:\/\/albaauto.hu\/?ts_service=karosszeria-alkatreszek\" class=\"readmore\"> Elolvasom <i class=\"fa fa-angle-double-right\"><\/i><\/a>\r\n                      \r\n                    \r\n               <\/div> <!-- Service content end -->\r\n      <\/div> <!-- Service wrapper end -->   \r\n\r\n      \r\n\r\n\r\n      \r\n   \t\t<\/div>\n\t\t\t\t<\/div>\n\t\t\t\t\t<\/div>\n\t\t<\/div>\n\t\t\t\t<div class=\"elementor-column elementor-col-50 elementor-top-column elementor-element elementor-element-cc24ad8\" data-id=\"cc24ad8\" data-element_type=\"column\" data-settings=\"{&quot;background_background&quot;:&quot;classic&quot;}\">\n\t\t\t<div class=\"elementor-widget-wrap elementor-element-populated\">\n\t\t\t\t\t\t\t\t<div class=\"elementor-element elementor-element-9267361 elementor-widget elementor-widget-autrics-service\" data-id=\"9267361\" data-element_type=\"widget\" data-widget_type=\"autrics-service.default\">\n\t\t\t\t<div class=\"elementor-widget-container\">\n\t\t\t  \r\n         \r\n\r\n        \r\n\r\n       \r\n    \r\n      <div class=\"ts-service-wrapper\">\r\n               <span class=\"service-img\">\r\n                  <img decoding=\"async\" class=\"img-fluid\" src=\"https:\/\/albaauto.hu\/wp-content\/uploads\/2021\/12\/BAF8036-1024x682.jpg\" alt=\"service-img\">\r\n               <\/span> <!-- Service Img end -->\r\n               <div class=\"service-content\">\r\n                                    <div class=\"service-icon\">\r\n                     <i class=\"icon icon-brush\"><\/i>\r\n                     <\/div> <!-- Service icon end -->\r\n                                 <h3 class=\"ts-service-title\">\r\n                        <a href=\"https:\/\/albaauto.hu\/?ts_service=autofenyezes\">Aut\u00f3f\u00e9nyez\u00e9s                        <\/a>\r\n                     <\/h3>\r\n                                          <p>\r\n                        \r\n                     <\/p>\r\n                      \r\n                                            <a href=\"https:\/\/albaauto.hu\/?ts_service=autofenyezes\" class=\"readmore\"> Elolvasom <i class=\"fa fa-angle-double-right\"><\/i><\/a>\r\n                      \r\n                    \r\n               <\/div> <!-- Service content end -->\r\n      <\/div> <!-- Service wrapper end -->   \r\n\r\n      \r\n\r\n\r\n      \r\n   \t\t<\/div>\n\t\t\t\t<\/div>\n\t\t\t\t<div class=\"elementor-element elementor-element-5ac1f80 elementor-widget elementor-widget-autrics-service\" data-id=\"5ac1f80\" data-element_type=\"widget\" data-widget_type=\"autrics-service.default\">\n\t\t\t\t<div class=\"elementor-widget-container\">\n\t\t\t  \r\n         \r\n\r\n        \r\n\r\n       \r\n    \r\n      <div class=\"ts-service-wrapper\">\r\n               <span class=\"service-img\">\r\n                  <img decoding=\"async\" class=\"img-fluid\" src=\"https:\/\/albaauto.hu\/wp-content\/uploads\/2021\/12\/flotta-javitas-e1642241547286-1024x576.jpeg\" alt=\"service-img\">\r\n               <\/span> <!-- Service Img end -->\r\n               <div class=\"service-content\">\r\n                                    <div class=\"service-icon\">\r\n                     <i class=\"icon icon-flag\"><\/i>\r\n                     <\/div> <!-- Service icon end -->\r\n                                 <h3 class=\"ts-service-title\">\r\n                        <a href=\"https:\/\/albaauto.hu\/?ts_service=flotta-javitas\">Flotta jav\u00edt\u00e1s                        <\/a>\r\n                     <\/h3>\r\n                                          <p>\r\n                        \r\n                     <\/p>\r\n                      \r\n                                            <a href=\"https:\/\/albaauto.hu\/?ts_service=flotta-javitas\" class=\"readmore\"> Elolvasom <i class=\"fa fa-angle-double-right\"><\/i><\/a>\r\n                      \r\n                    \r\n               <\/div> <!-- Service content end -->\r\n      <\/div> <!-- Service wrapper end -->   \r\n\r\n      \r\n\r\n\r\n      \r\n   \t\t<\/div>\n\t\t\t\t<\/div>\n\t\t\t\t\t<\/div>\n\t\t<\/div>\n\t\t\t\t\t\t\t<\/div>\n\t\t<\/section>\n\t\t\t\t\t\t\t<\/div>\n\t\t","protected":false},"excerpt":{"rendered":"<p>Karossz\u00e9ria jav\u00edt\u00e1s Elolvasom Karossz\u00e9ria alkatr\u00e9szek Elolvasom F\u00e9nyez\u00e9s Elolvasom Flotta jav\u00edt\u00e1s Elolvasom<\/p>\n","protected":false},"author":1,"featured_media":0,"parent":0,"menu_order":0,"comment_status":"closed","ping_status":"closed","template":"template\/full-width-template.php","meta":{"footnotes":""},"acf":[],"yoast_head":"<!-- This site is optimized with the Yoast SEO plugin v20.13 - https:\/\/yoast.com\/wordpress\/plugins\/seo\/ -->\n<title>Szolg\u00e1ltat\u00e1sok - Alba Aut\u00f3jav\u00edt\u00f3<\/title>\n<meta name=\"robots\" content=\"index, follow, max-snippet:-1, max-image-preview:large, max-video-preview:-1\" \/>\n<link rel=\"canonical\" href=\"https:\/\/albaauto.hu\/?page_id=2459\" \/>\n<meta property=\"og:locale\" content=\"hu_HU\" \/>\n<meta property=\"og:type\" content=\"article\" \/>\n<meta property=\"og:title\" content=\"Szolg\u00e1ltat\u00e1sok - Alba Aut\u00f3jav\u00edt\u00f3\" \/>\n<meta property=\"og:description\" content=\"Karossz\u00e9ria jav\u00edt\u00e1s Elolvasom Karossz\u00e9ria alkatr\u00e9szek Elolvasom F\u00e9nyez\u00e9s Elolvasom Flotta jav\u00edt\u00e1s Elolvasom\" \/>\n<meta property=\"og:url\" content=\"https:\/\/albaauto.hu\/?page_id=2459\" \/>\n<meta property=\"og:site_name\" content=\"Alba Aut\u00f3jav\u00edt\u00f3\" \/>\n<meta property=\"article:modified_time\" content=\"2022-07-08T14:41:47+00:00\" \/>\n<meta property=\"og:image\" content=\"https:\/\/albaauto.hu\/wp-content\/uploads\/2021\/12\/karosszeria-javitas-e1642241645614.jpg\" \/>\n<meta name=\"twitter:card\" content=\"summary_large_image\" \/>\n<script type=\"application\/ld+json\" class=\"yoast-schema-graph\">{\"@context\":\"https:\/\/schema.org\",\"@graph\":[{\"@type\":\"WebPage\",\"@id\":\"https:\/\/albaauto.hu\/?page_id=2459\",\"url\":\"https:\/\/albaauto.hu\/?page_id=2459\",\"name\":\"Szolg\u00e1ltat\u00e1sok - Alba Aut\u00f3jav\u00edt\u00f3\",\"isPartOf\":{\"@id\":\"https:\/\/albaauto.hu\/#website\"},\"datePublished\":\"2022-07-08T14:37:10+00:00\",\"dateModified\":\"2022-07-08T14:41:47+00:00\",\"breadcrumb\":{\"@id\":\"https:\/\/albaauto.hu\/?page_id=2459#breadcrumb\"},\"inLanguage\":\"hu\",\"potentialAction\":[{\"@type\":\"ReadAction\",\"target\":[\"https:\/\/albaauto.hu\/?page_id=2459\"]}]},{\"@type\":\"BreadcrumbList\",\"@id\":\"https:\/\/albaauto.hu\/?page_id=2459#breadcrumb\",\"itemListElement\":[{\"@type\":\"ListItem\",\"position\":1,\"name\":\"Kezd\u0151lap\",\"item\":\"https:\/\/albaauto.hu\/\"},{\"@type\":\"ListItem\",\"position\":2,\"name\":\"Szolg\u00e1ltat\u00e1sok\"}]},{\"@type\":\"WebSite\",\"@id\":\"https:\/\/albaauto.hu\/#website\",\"url\":\"https:\/\/albaauto.hu\/\",\"name\":\"Alba Aut\u00f3jav\u00edt\u00f3\",\"description\":\"Sz\u00e9kesfeh\u00e9rv\u00e1r\",\"publisher\":{\"@id\":\"https:\/\/albaauto.hu\/#organization\"},\"potentialAction\":[{\"@type\":\"SearchAction\",\"target\":{\"@type\":\"EntryPoint\",\"urlTemplate\":\"https:\/\/albaauto.hu\/?s={search_term_string}\"},\"query-input\":\"required name=search_term_string\"}],\"inLanguage\":\"hu\"},{\"@type\":\"Organization\",\"@id\":\"https:\/\/albaauto.hu\/#organization\",\"name\":\"Alba Aut\u00f3jav\u00edt\u00f3 Kft.\",\"url\":\"https:\/\/albaauto.hu\/\",\"logo\":{\"@type\":\"ImageObject\",\"inLanguage\":\"hu\",\"@id\":\"https:\/\/albaauto.hu\/#\/schema\/logo\/image\/\",\"url\":\"https:\/\/albaauto.hu\/wp-content\/uploads\/2022\/01\/infrared-lamps-drying-car-body-parts-after-applying-save-gloss-coating.jpg\",\"contentUrl\":\"https:\/\/albaauto.hu\/wp-content\/uploads\/2022\/01\/infrared-lamps-drying-car-body-parts-after-applying-save-gloss-coating.jpg\",\"width\":1500,\"height\":1271,\"caption\":\"Alba Aut\u00f3jav\u00edt\u00f3 Kft.\"},\"image\":{\"@id\":\"https:\/\/albaauto.hu\/#\/schema\/logo\/image\/\"}}]}<\/script>\n<!-- \/ Yoast SEO plugin. -->","yoast_head_json":{"title":"Szolg\u00e1ltat\u00e1sok - Alba Aut\u00f3jav\u00edt\u00f3","robots":{"index":"index","follow":"follow","max-snippet":"max-snippet:-1","max-image-preview":"max-image-preview:large","max-video-preview":"max-video-preview:-1"},"canonical":"https:\/\/albaauto.hu\/?page_id=2459","og_locale":"hu_HU","og_type":"article","og_title":"Szolg\u00e1ltat\u00e1sok - Alba Aut\u00f3jav\u00edt\u00f3","og_description":"Karossz\u00e9ria jav\u00edt\u00e1s Elolvasom Karossz\u00e9ria alkatr\u00e9szek Elolvasom F\u00e9nyez\u00e9s Elolvasom Flotta jav\u00edt\u00e1s Elolvasom","og_url":"https:\/\/albaauto.hu\/?page_id=2459","og_site_name":"Alba Aut\u00f3jav\u00edt\u00f3","article_modified_time":"2022-07-08T14:41:47+00:00","og_image":[{"url":"https:\/\/albaauto.hu\/wp-content\/uploads\/2021\/12\/karosszeria-javitas-e1642241645614.jpg"}],"twitter_card":"summary_large_image","schema":{"@context":"https:\/\/schema.org","@graph":[{"@type":"WebPage","@id":"https:\/\/albaauto.hu\/?page_id=2459","url":"https:\/\/albaauto.hu\/?page_id=2459","name":"Szolg\u00e1ltat\u00e1sok - Alba Aut\u00f3jav\u00edt\u00f3","isPartOf":{"@id":"https:\/\/albaauto.hu\/#website"},"datePublished":"2022-07-08T14:37:10+00:00","dateModified":"2022-07-08T14:41:47+00:00","breadcrumb":{"@id":"https:\/\/albaauto.hu\/?page_id=2459#breadcrumb"},"inLanguage":"hu","potentialAction":[{"@type":"ReadAction","target":["https:\/\/albaauto.hu\/?page_id=2459"]}]},{"@type":"BreadcrumbList","@id":"https:\/\/albaauto.hu\/?page_id=2459#breadcrumb","itemListElement":[{"@type":"ListItem","position":1,"name":"Kezd\u0151lap","item":"https:\/\/albaauto.hu\/"},{"@type":"ListItem","position":2,"name":"Szolg\u00e1ltat\u00e1sok"}]},{"@type":"WebSite","@id":"https:\/\/albaauto.hu\/#website","url":"https:\/\/albaauto.hu\/","name":"Alba Aut\u00f3jav\u00edt\u00f3","description":"Sz\u00e9kesfeh\u00e9rv\u00e1r","publisher":{"@id":"https:\/\/albaauto.hu\/#organization"},"potentialAction":[{"@type":"SearchAction","target":{"@type":"EntryPoint","urlTemplate":"https:\/\/albaauto.hu\/?s={search_term_string}"},"query-input":"required name=search_term_string"}],"inLanguage":"hu"},{"@type":"Organization","@id":"https:\/\/albaauto.hu\/#organization","name":"Alba Aut\u00f3jav\u00edt\u00f3 Kft.","url":"https:\/\/albaauto.hu\/","logo":{"@type":"ImageObject","inLanguage":"hu","@id":"https:\/\/albaauto.hu\/#\/schema\/logo\/image\/","url":"https:\/\/albaauto.hu\/wp-content\/uploads\/2022\/01\/infrared-lamps-drying-car-body-parts-after-applying-save-gloss-coating.jpg","contentUrl":"https:\/\/albaauto.hu\/wp-content\/uploads\/2022\/01\/infrared-lamps-drying-car-body-parts-after-applying-save-gloss-coating.jpg","width":1500,"height":1271,"caption":"Alba Aut\u00f3jav\u00edt\u00f3 Kft."},"image":{"@id":"https:\/\/albaauto.hu\/#\/schema\/logo\/image\/"}}]}},"_links":{"self":[{"href":"https:\/\/albaauto.hu\/index.php?rest_route=\/wp\/v2\/pages\/2459"}],"collection":[{"href":"https:\/\/albaauto.hu\/index.php?rest_route=\/wp\/v2\/pages"}],"about":[{"href":"https:\/\/albaauto.hu\/index.php?rest_route=\/wp\/v2\/types\/page"}],"author":[{"embeddable":true,"href":"https:\/\/albaauto.hu\/index.php?rest_route=\/wp\/v2\/users\/1"}],"replies":[{"embeddable":true,"href":"https:\/\/albaauto.hu\/index.php?rest_route=%2Fwp%2Fv2%2Fcomments&post=2459"}],"version-history":[{"count":5,"href":"https:\/\/albaauto.hu\/index.php?rest_route=\/wp\/v2\/pages\/2459\/revisions"}],"predecessor-version":[{"id":2468,"href":"https:\/\/albaauto.hu\/index.php?rest_route=\/wp\/v2\/pages\/2459\/revisions\/2468"}],"wp:attachment":[{"href":"https:\/\/albaauto.hu\/index.php?rest_route=%2Fwp%2Fv2%2Fmedia&parent=2459"}],"curies":[{"name":"wp","href":"https:\/\/api.w.org\/{rel}","templated":true}]}}