{"id":2592,"date":"2022-08-11T15:43:15","date_gmt":"2022-08-11T13:43:15","guid":{"rendered":"https:\/\/albaauto.hu\/?page_id=2592"},"modified":"2022-08-11T15:43:36","modified_gmt":"2022-08-11T13:43:36","slug":"felhasznalasi-feltetelek","status":"publish","type":"page","link":"https:\/\/albaauto.hu\/?page_id=2592","title":{"rendered":"Felhaszn\u00e1l\u00e1si felt\u00e9telek"},"content":{"rendered":"<ol>\n<li>A weboldalon tal\u00e1lhat\u00f3 k\u00e9pek, vide\u00f3k, sz\u00f6vegek szerz\u0151i jogv\u00e9delem alatt \u00e1llnak. Annak felhaszn\u00e9l\u00e1sa, csak a tulajdonos \u00edr\u00e1sos enged\u00e9ly\u00e9vel lehets\u00e9ged. A referencia fot\u00f3k saj\u00e1t k\u00e9sz\u00edt\u00e9s\u0171ek, m\u00edg a t\u00f6bbi fot\u00f3 jelent\u0151s r\u00e9sze stock adatb\u00e1zisb\u00f3l sz\u00e1rmazik, \u00edgy csak illusztr\u00e1ci\u00f3s c\u00e9lt szolg\u00e1lnak.<\/li>\n<li>Weboldalunkon tal\u00e1lhat\u00f3 inform\u00e1ci\u00f3k t\u00e1j\u00e9koztat\u00f3 jelleg\u0171ek, nem min\u0151s\u00fclnek aj\u00e1nlatt\u00e9telnek.<\/li>\n<li>Az esetleges el\u00edr\u00e1sok\u00e9rt, technikai hib\u00e1k\u00e9rt felel\u0151ss\u00e9get nem v\u00e1llalunk.<\/li>\n<li>Amennyiben b\u00e1rmilyen k\u00e9rd\u00e9se lenne, vagy \u00e9szrev\u00e9tele, keressen minket <a href=\"https:\/\/albaauto.hu\/kapcsolat\/\">el\u00e9rhet\u0151s\u00e9geinken &gt;&gt;<\/a><\/li>\n<\/ol>\n","protected":false},"excerpt":{"rendered":"<p>A weboldalon tal\u00e1lhat\u00f3 k\u00e9pek, vide\u00f3k, sz\u00f6vegek szerz\u0151i jogv\u00e9delem alatt \u00e1llnak. Annak felhaszn\u00e9l\u00e1sa, csak a tulajdonos \u00edr\u00e1sos enged\u00e9ly\u00e9vel lehets\u00e9ged. A referencia fot\u00f3k saj\u00e1t k\u00e9sz\u00edt\u00e9s\u0171ek, m\u00edg a t\u00f6bbi fot\u00f3 jelent\u0151s r\u00e9sze stock adatb\u00e1zisb\u00f3l sz\u00e1rmazik, \u00edgy csak illusztr\u00e1ci\u00f3s c\u00e9lt szolg\u00e1lnak. Weboldalunkon tal\u00e1lhat\u00f3 inform\u00e1ci\u00f3k t\u00e1j\u00e9koztat\u00f3 jelleg\u0171ek, nem min\u0151s\u00fclnek aj\u00e1nlatt\u00e9telnek. Az esetleges el\u00edr\u00e1sok\u00e9rt, technikai hib\u00e1k\u00e9rt felel\u0151ss\u00e9get nem v\u00e1llalunk. Amennyiben b\u00e1rmilyen [&hellip;]<\/p>\n","protected":false},"author":1,"featured_media":0,"parent":0,"menu_order":0,"comment_status":"closed","ping_status":"closed","template":"","meta":{"footnotes":""},"acf":[],"yoast_head":"<!-- This site is optimized with the Yoast SEO plugin v20.13 - https:\/\/yoast.com\/wordpress\/plugins\/seo\/ -->\n<title>Felhaszn\u00e1l\u00e1si felt\u00e9telek - Alba Aut\u00f3jav\u00edt\u00f3<\/title>\n<meta name=\"robots\" content=\"index, follow, max-snippet:-1, max-image-preview:large, max-video-preview:-1\" \/>\n<link rel=\"canonical\" href=\"https:\/\/albaauto.hu\/?page_id=2592\" \/>\n<meta property=\"og:locale\" content=\"hu_HU\" \/>\n<meta property=\"og:type\" content=\"article\" \/>\n<meta property=\"og:title\" content=\"Felhaszn\u00e1l\u00e1si felt\u00e9telek - Alba Aut\u00f3jav\u00edt\u00f3\" \/>\n<meta property=\"og:description\" content=\"A weboldalon tal\u00e1lhat\u00f3 k\u00e9pek, vide\u00f3k, sz\u00f6vegek szerz\u0151i jogv\u00e9delem alatt \u00e1llnak. Annak felhaszn\u00e9l\u00e1sa, csak a tulajdonos \u00edr\u00e1sos enged\u00e9ly\u00e9vel lehets\u00e9ged. A referencia fot\u00f3k saj\u00e1t k\u00e9sz\u00edt\u00e9s\u0171ek, m\u00edg a t\u00f6bbi fot\u00f3 jelent\u0151s r\u00e9sze stock adatb\u00e1zisb\u00f3l sz\u00e1rmazik, \u00edgy csak illusztr\u00e1ci\u00f3s c\u00e9lt szolg\u00e1lnak. Weboldalunkon tal\u00e1lhat\u00f3 inform\u00e1ci\u00f3k t\u00e1j\u00e9koztat\u00f3 jelleg\u0171ek, nem min\u0151s\u00fclnek aj\u00e1nlatt\u00e9telnek. Az esetleges el\u00edr\u00e1sok\u00e9rt, technikai hib\u00e1k\u00e9rt felel\u0151ss\u00e9get nem v\u00e1llalunk. Amennyiben b\u00e1rmilyen [&hellip;]\" \/>\n<meta property=\"og:url\" content=\"https:\/\/albaauto.hu\/?page_id=2592\" \/>\n<meta property=\"og:site_name\" content=\"Alba Aut\u00f3jav\u00edt\u00f3\" \/>\n<meta property=\"article:modified_time\" content=\"2022-08-11T13:43:36+00:00\" \/>\n<meta name=\"twitter:card\" content=\"summary_large_image\" \/>\n<meta name=\"twitter:label1\" content=\"Becs\u00fclt olvas\u00e1si id\u0151\" \/>\n\t<meta name=\"twitter:data1\" content=\"1 perc\" \/>\n<script type=\"application\/ld+json\" class=\"yoast-schema-graph\">{\"@context\":\"https:\/\/schema.org\",\"@graph\":[{\"@type\":\"WebPage\",\"@id\":\"https:\/\/albaauto.hu\/?page_id=2592\",\"url\":\"https:\/\/albaauto.hu\/?page_id=2592\",\"name\":\"Felhaszn\u00e1l\u00e1si felt\u00e9telek - Alba Aut\u00f3jav\u00edt\u00f3\",\"isPartOf\":{\"@id\":\"https:\/\/albaauto.hu\/#website\"},\"datePublished\":\"2022-08-11T13:43:15+00:00\",\"dateModified\":\"2022-08-11T13:43:36+00:00\",\"breadcrumb\":{\"@id\":\"https:\/\/albaauto.hu\/?page_id=2592#breadcrumb\"},\"inLanguage\":\"hu\",\"potentialAction\":[{\"@type\":\"ReadAction\",\"target\":[\"https:\/\/albaauto.hu\/?page_id=2592\"]}]},{\"@type\":\"BreadcrumbList\",\"@id\":\"https:\/\/albaauto.hu\/?page_id=2592#breadcrumb\",\"itemListElement\":[{\"@type\":\"ListItem\",\"position\":1,\"name\":\"Kezd\u0151lap\",\"item\":\"https:\/\/albaauto.hu\/\"},{\"@type\":\"ListItem\",\"position\":2,\"name\":\"Felhaszn\u00e1l\u00e1si felt\u00e9telek\"}]},{\"@type\":\"WebSite\",\"@id\":\"https:\/\/albaauto.hu\/#website\",\"url\":\"https:\/\/albaauto.hu\/\",\"name\":\"Alba Aut\u00f3jav\u00edt\u00f3\",\"description\":\"Sz\u00e9kesfeh\u00e9rv\u00e1r\",\"publisher\":{\"@id\":\"https:\/\/albaauto.hu\/#organization\"},\"potentialAction\":[{\"@type\":\"SearchAction\",\"target\":{\"@type\":\"EntryPoint\",\"urlTemplate\":\"https:\/\/albaauto.hu\/?s={search_term_string}\"},\"query-input\":\"required name=search_term_string\"}],\"inLanguage\":\"hu\"},{\"@type\":\"Organization\",\"@id\":\"https:\/\/albaauto.hu\/#organization\",\"name\":\"Alba Aut\u00f3jav\u00edt\u00f3 Kft.\",\"url\":\"https:\/\/albaauto.hu\/\",\"logo\":{\"@type\":\"ImageObject\",\"inLanguage\":\"hu\",\"@id\":\"https:\/\/albaauto.hu\/#\/schema\/logo\/image\/\",\"url\":\"https:\/\/albaauto.hu\/wp-content\/uploads\/2022\/01\/infrared-lamps-drying-car-body-parts-after-applying-save-gloss-coating.jpg\",\"contentUrl\":\"https:\/\/albaauto.hu\/wp-content\/uploads\/2022\/01\/infrared-lamps-drying-car-body-parts-after-applying-save-gloss-coating.jpg\",\"width\":1500,\"height\":1271,\"caption\":\"Alba Aut\u00f3jav\u00edt\u00f3 Kft.\"},\"image\":{\"@id\":\"https:\/\/albaauto.hu\/#\/schema\/logo\/image\/\"}}]}<\/script>\n<!-- \/ Yoast SEO plugin. -->","yoast_head_json":{"title":"Felhaszn\u00e1l\u00e1si felt\u00e9telek - Alba Aut\u00f3jav\u00edt\u00f3","robots":{"index":"index","follow":"follow","max-snippet":"max-snippet:-1","max-image-preview":"max-image-preview:large","max-video-preview":"max-video-preview:-1"},"canonical":"https:\/\/albaauto.hu\/?page_id=2592","og_locale":"hu_HU","og_type":"article","og_title":"Felhaszn\u00e1l\u00e1si felt\u00e9telek - Alba Aut\u00f3jav\u00edt\u00f3","og_description":"A weboldalon tal\u00e1lhat\u00f3 k\u00e9pek, vide\u00f3k, sz\u00f6vegek szerz\u0151i jogv\u00e9delem alatt \u00e1llnak. Annak felhaszn\u00e9l\u00e1sa, csak a tulajdonos \u00edr\u00e1sos enged\u00e9ly\u00e9vel lehets\u00e9ged. A referencia fot\u00f3k saj\u00e1t k\u00e9sz\u00edt\u00e9s\u0171ek, m\u00edg a t\u00f6bbi fot\u00f3 jelent\u0151s r\u00e9sze stock adatb\u00e1zisb\u00f3l sz\u00e1rmazik, \u00edgy csak illusztr\u00e1ci\u00f3s c\u00e9lt szolg\u00e1lnak. Weboldalunkon tal\u00e1lhat\u00f3 inform\u00e1ci\u00f3k t\u00e1j\u00e9koztat\u00f3 jelleg\u0171ek, nem min\u0151s\u00fclnek aj\u00e1nlatt\u00e9telnek. Az esetleges el\u00edr\u00e1sok\u00e9rt, technikai hib\u00e1k\u00e9rt felel\u0151ss\u00e9get nem v\u00e1llalunk. Amennyiben b\u00e1rmilyen [&hellip;]","og_url":"https:\/\/albaauto.hu\/?page_id=2592","og_site_name":"Alba Aut\u00f3jav\u00edt\u00f3","article_modified_time":"2022-08-11T13:43:36+00:00","twitter_card":"summary_large_image","twitter_misc":{"Becs\u00fclt olvas\u00e1si id\u0151":"1 perc"},"schema":{"@context":"https:\/\/schema.org","@graph":[{"@type":"WebPage","@id":"https:\/\/albaauto.hu\/?page_id=2592","url":"https:\/\/albaauto.hu\/?page_id=2592","name":"Felhaszn\u00e1l\u00e1si felt\u00e9telek - Alba Aut\u00f3jav\u00edt\u00f3","isPartOf":{"@id":"https:\/\/albaauto.hu\/#website"},"datePublished":"2022-08-11T13:43:15+00:00","dateModified":"2022-08-11T13:43:36+00:00","breadcrumb":{"@id":"https:\/\/albaauto.hu\/?page_id=2592#breadcrumb"},"inLanguage":"hu","potentialAction":[{"@type":"ReadAction","target":["https:\/\/albaauto.hu\/?page_id=2592"]}]},{"@type":"BreadcrumbList","@id":"https:\/\/albaauto.hu\/?page_id=2592#breadcrumb","itemListElement":[{"@type":"ListItem","position":1,"name":"Kezd\u0151lap","item":"https:\/\/albaauto.hu\/"},{"@type":"ListItem","position":2,"name":"Felhaszn\u00e1l\u00e1si felt\u00e9telek"}]},{"@type":"WebSite","@id":"https:\/\/albaauto.hu\/#website","url":"https:\/\/albaauto.hu\/","name":"Alba Aut\u00f3jav\u00edt\u00f3","description":"Sz\u00e9kesfeh\u00e9rv\u00e1r","publisher":{"@id":"https:\/\/albaauto.hu\/#organization"},"potentialAction":[{"@type":"SearchAction","target":{"@type":"EntryPoint","urlTemplate":"https:\/\/albaauto.hu\/?s={search_term_string}"},"query-input":"required name=search_term_string"}],"inLanguage":"hu"},{"@type":"Organization","@id":"https:\/\/albaauto.hu\/#organization","name":"Alba Aut\u00f3jav\u00edt\u00f3 Kft.","url":"https:\/\/albaauto.hu\/","logo":{"@type":"ImageObject","inLanguage":"hu","@id":"https:\/\/albaauto.hu\/#\/schema\/logo\/image\/","url":"https:\/\/albaauto.hu\/wp-content\/uploads\/2022\/01\/infrared-lamps-drying-car-body-parts-after-applying-save-gloss-coating.jpg","contentUrl":"https:\/\/albaauto.hu\/wp-content\/uploads\/2022\/01\/infrared-lamps-drying-car-body-parts-after-applying-save-gloss-coating.jpg","width":1500,"height":1271,"caption":"Alba Aut\u00f3jav\u00edt\u00f3 Kft."},"image":{"@id":"https:\/\/albaauto.hu\/#\/schema\/logo\/image\/"}}]}},"_links":{"self":[{"href":"https:\/\/albaauto.hu\/index.php?rest_route=\/wp\/v2\/pages\/2592"}],"collection":[{"href":"https:\/\/albaauto.hu\/index.php?rest_route=\/wp\/v2\/pages"}],"about":[{"href":"https:\/\/albaauto.hu\/index.php?rest_route=\/wp\/v2\/types\/page"}],"author":[{"embeddable":true,"href":"https:\/\/albaauto.hu\/index.php?rest_route=\/wp\/v2\/users\/1"}],"replies":[{"embeddable":true,"href":"https:\/\/albaauto.hu\/index.php?rest_route=%2Fwp%2Fv2%2Fcomments&post=2592"}],"version-history":[{"count":2,"href":"https:\/\/albaauto.hu\/index.php?rest_route=\/wp\/v2\/pages\/2592\/revisions"}],"predecessor-version":[{"id":2594,"href":"https:\/\/albaauto.hu\/index.php?rest_route=\/wp\/v2\/pages\/2592\/revisions\/2594"}],"wp:attachment":[{"href":"https:\/\/albaauto.hu\/index.php?rest_route=%2Fwp%2Fv2%2Fmedia&parent=2592"}],"curies":[{"name":"wp","href":"https:\/\/api.w.org\/{rel}","templated":true}]}}

Felhasználási feltételek

<ol>
<li>A weboldalon található képek, videók, szövegek szerzői jogvédelem alatt állnak. Annak felhasznélása, csak a tulajdonos írásos engedélyével lehetséged. A referencia fotók saját készítésűek, míg a többi fotó jelentős része stock adatbázisból származik, így csak illusztrációs célt szolgálnak.</li>
<li>Weboldalunkon található információk tájékoztató jellegűek, nem minősülnek ajánlattételnek.</li>
<li>Az esetleges elírásokért, technikai hibákért felelősséget nem vállalunk.</li>
<li>Amennyiben bármilyen kérdése lenne, vagy észrevétele, keressen minket <a href="https://albaauto.hu/kapcsolat/">elérhetőségeinken &gt;&gt;</a></li>
</ol>

<p>A weboldalon található képek, videók, szövegek szerzői jogvédelem alatt állnak. Annak felhasznélása, csak a tulajdonos írásos engedélyével lehetséged. A referencia fotók saját készítésűek, míg a többi fotó jelentős része stock adatbázisból származik, így csak illusztrációs célt szolgálnak. Weboldalunkon található információk tájékoztató jellegűek, nem minősülnek ajánlattételnek. Az esetleges elírásokért, technikai hibákért felelősséget nem vállalunk. Amennyiben bármilyen [&hellip;]</p>

<!-- This site is optimized with the Yoast SEO plugin v20.13 - https://yoast.com/wordpress/plugins/seo/ -->
<title>Felhasználási feltételek - Alba Autójavító</title>
<meta name="robots" content="index, follow, max-snippet:-1, max-image-preview:large, max-video-preview:-1" />
<link rel="canonical" href="https://albaauto.hu/?page_id=2592" />
<meta property="og:locale" content="hu_HU" />
<meta property="og:type" content="article" />
<meta property="og:title" content="Felhasználási feltételek - Alba Autójavító" />
<meta property="og:description" content="A weboldalon található képek, videók, szövegek szerzői jogvédelem alatt állnak. Annak felhasznélása, csak a tulajdonos írásos engedélyével lehetséged. A referencia fotók saját készítésűek, míg a többi fotó jelentős része stock adatbázisból származik, így csak illusztrációs célt szolgálnak. Weboldalunkon található információk tájékoztató jellegűek, nem minősülnek ajánlattételnek. Az esetleges elírásokért, technikai hibákért felelősséget nem vállalunk. Amennyiben bármilyen [&hellip;]" />
<meta property="og:url" content="https://albaauto.hu/?page_id=2592" />
<meta property="og:site_name" content="Alba Autójavító" />
<meta property="article:modified_time" content="2022-08-11T13:43:36+00:00" />
<meta name="twitter:card" content="summary_large_image" />
<meta name="twitter:label1" content="Becsült olvasási idő" />
	<meta name="twitter:data1" content="1 perc" />
<script type="application/ld+json" class="yoast-schema-graph">{"@context":"https://schema.org","@graph":[{"@type":"WebPage","@id":"https://albaauto.hu/?page_id=2592","url":"https://albaauto.hu/?page_id=2592","name":"Felhasználási feltételek - Alba Autójavító","isPartOf":{"@id":"https://albaauto.hu/#website"},"datePublished":"2022-08-11T13:43:15+00:00","dateModified":"2022-08-11T13:43:36+00:00","breadcrumb":{"@id":"https://albaauto.hu/?page_id=2592#breadcrumb"},"inLanguage":"hu","potentialAction":[{"@type":"ReadAction","target":["https://albaauto.hu/?page_id=2592"]}]},{"@type":"BreadcrumbList","@id":"https://albaauto.hu/?page_id=2592#breadcrumb","itemListElement":[{"@type":"ListItem","position":1,"name":"Kezdőlap","item":"https://albaauto.hu/"},{"@type":"ListItem","position":2,"name":"Felhasználási feltételek"}]},{"@type":"WebSite","@id":"https://albaauto.hu/#website","url":"https://albaauto.hu/","name":"Alba Autójavító","description":"Székesfehérvár","publisher":{"@id":"https://albaauto.hu/#organization"},"potentialAction":[{"@type":"SearchAction","target":{"@type":"EntryPoint","urlTemplate":"https://albaauto.hu/?s={search_term_string}"},"query-input":"required name=search_term_string"}],"inLanguage":"hu"},{"@type":"Organization","@id":"https://albaauto.hu/#organization","name":"Alba Autójavító Kft.","url":"https://albaauto.hu/","logo":{"@type":"ImageObject","inLanguage":"hu","@id":"https://albaauto.hu/#/schema/logo/image/","url":"https://albaauto.hu/wp-content/uploads/2022/01/infrared-lamps-drying-car-body-parts-after-applying-save-gloss-coating.jpg","contentUrl":"https://albaauto.hu/wp-content/uploads/2022/01/infrared-lamps-drying-car-body-parts-after-applying-save-gloss-coating.jpg","width":1500,"height":1271,"caption":"Alba Autójavító Kft."},"image":{"@id":"https://albaauto.hu/#/schema/logo/image/"}}]}</script>
<!-- / Yoast SEO plugin. -->

Felhasználási feltételek - Alba Autójavító

A weboldalon található képek, videók, szövegek szerzői jogvédelem alatt állnak. Annak felhasznélása, csak a tulajdonos írásos engedélyével lehetséged. A referencia fotók saját készítésűek, míg a többi fotó jelentős része stock adatbázisból származik, így csak illusztrációs célt szolgálnak. Weboldalunkon található információk tájékoztató jellegűek, nem minősülnek ajánlattételnek. Az esetleges elírásokért, technikai hibákért felelősséget nem vállalunk. Amennyiben bármilyen [&hellip;]

Alba Autójavító

Kezdőlap

Székesfehérvár

Alba Autójavító Kft.
